*w. Let l = -3 + 5. Suppose 5*r - 32 = -4*k, -2*k + 4 = -l. Give g(r).
12
Suppose -5*x + z - 29 = 0, 8*z + 26 = -4*x + 6*z. Let i(w) = -2*w - 7. Calculate i(x).
5
Let v(t) = 2*t**2 - t + 5. Let r(b) = b**2 - b - 1. Let g(a) = 3*r(a) - v(a). Suppose 53 = 4*k + 29. What is g(k)?
16
Let z(f) = -f**3 - 5*f**2 - 6*f + 1. Let m be z(-5). Suppose -5*p = 3*x + m, 5*x - 3*p - 4 = 1. Let t(y) = 2*y**2 - 2*y. Calculate t(x).
12
Let y(p) = -p**2 - p + 6. Suppose 8*b = 32*b. Determine y(b).
6
Let s be 4/(-14) + (-32)/(-14). Let i = 28 + -25. Let d(r) = -i*r + 2 + 5*r - 5 + 4. Give d(s).
5
Let u(p) = -43 + p**2 + 43 - p - p**3. Let w(a) = 2*a. Suppose -5*f = -7 + 2. Let g be w(f). Give u(g).
-6
Let i(d) = 8*d**2 + 15*d + d**3 + d**3 - 17 + 9*d**2 - d**3. Calculate i(-16).
-1
Suppose 4*w + 5*g + 21 = 0, 4 = -3*w - 3*g - 8. Let m(b) = -b + 6. Let p(c) = -1. Let d(a) = w*m(a) + 4*p(a). Give d(4).
-2
Let x(o) = -o**3 - 4*o**2 - o + 5. Let s be -1*2/((-18)/(-45)). What is x(s)?
35
Let c(u) = u**3 - u**2 - 8 - 3*u - 2*u**3 + 5. Suppose -2*a + 3 = -41. Let f = a + -24. Determine c(f).
7
Let o(f) = 9*f + 1. Let v be (-72)/432 - 2/((-12)/(-5)). Determine o(v).
-8
Let j(h) be the third derivative of h**4/8 - h**3/2 - 3*h**2. Let l(r) = -9*r + 8. Let p(i) = -7*j(i) - 2*l(i). Let s = 27 + -22. Calculate p(s).
-10
Suppose -4*h - 28 = 2*g, 2*h + 8*g + 14 = 13*g. Let k(u) = u**3 + 5*u**2 - 14*u + 7. What is k(h)?
7
Suppose t - 41 = 37. Let g = 79 - t. Let p(k) = -2*k**2 + k - 1. What is p(g)?
-2
Let y(t) be the second derivative of -t**3/3 - 19*t**2/2 - 184*t. What is y(-6)?
-7
Let r be (-4)/1*2/4. Let v(g) = -24*g - 12*g + 55*g - 7*g + 2 - 14*g. Give v(r).
6
Let z(j) be the second derivative of 7/2*j**2 - 1/6*j**3 - 23*j + 1/12*j**4 + 0. Calculate z(0).
7
Let r(f) = -2*f**2 - 5 + 14*f**2 + 1 + 0*f**2 - 11*f**2 - 6*f. What is r(7)?
3
Let c(x) = -2*x**2 + 2*x + 2. Let z be (-12)/(-8)*(3 - 1). Suppose 8 = 2*l - v, -4*v = -z*l - 12 + 34. Calculate c(l).
-2
Let g(y) = -y**3 + 5*y + 2. Suppose 0 = 3*i - i + 92. Let q = 69 + i. Let k = q + -26. Determine g(k).
14
Let z(h) = h**2 - 2*h - 1. Let a(p) = 28*p**2 - 52*p - 28. Let d(x) = a(x) - 24*z(x). Calculate d(4).
44
Let u(d) = -d**3 - 2. Let f(g) = -2*g**3 + 4*g**2 - 7*g - 6. Let i(z) = -f(z) + 3*u(z). Suppose 0 = m + 4 + 1. Calculate i(m).
-10
Let r(a) = -3. Let t(z) = -2. Let j(h) = 3*r(h) - 4*t(h). Let g(m) = -7*m + 4. Let b(d) = g(d) + 5*j(d). Determine b(1).
-8
Let i be -3 + (-35)/(-11) - 138/33. Let w(p) be the third derivative of p**5/60 + p**4/6 - 5*p**3/6 + 8*p**2. What is w(i)?
-5
Let s(i) = -i**3 + 7*i**2 + 9*i - 8. Suppose -3*w = -2*m + 4, -16 - 12 = -5*m + 3*w. What is s(m)?
0
Let t(x) = -9*x - 1. Let r(n) = -n + 16. Let o(a) = -11*a. Let b be o(-1). Let k be r(b). Let w = k + -4. Give t(w).
-10
Let n(o) be the first derivative of -5/2*o**2 - o - 1. Calculate n(-2).
9
Let z(c) = -c**3 - 14*c**2 + c - 2. Let y be z(-14). Let l be y/(-7) - 10/35. Let i(r) = -2*r**2 + 2*r - 1. Determine i(l).
-5
Let o(i) be the second derivative of 2*i + 1/6*i**3 - 1/12*i**4 + 7/20*i**5 + 14 - 1/2*i**2. Determine o(1).
6
Let n(f) = -f**2 + 10*f - 4. Let c(s) = 11*s - 145. Let k be c(14). Determine n(k).
5
Let f(n) be the second derivative of -4*n + 1/3*n**3 - 1/10*n**5 + 0 + 0*n**2 + 1/6*n**4. Give f(2).
-4
Let h(d) = d + 7. Let l(z) = -z**3 - 16*z**2 - 16*z - 23. Let k be l(-15). What is h(k)?
-1
Let c(u) = 6*u**2 - 3*u + 2. Suppose 5 = 6*p - 7. Let v be (-1)/(p - ((-6)/(-4) + 1)). Give c(v).
20
Let z(h) = -16*h + 149. Let b be z(9). Let l(v) = v**2 - 8*v + 6. Give l(b).
-9
Let b(j) = -10*j**2 - 61*j - 11. Let m be b(-6). Let v(s) = 2*s**2 + 8*s + 9. Give v(m).
19
Let y be 210/21 - (-2 + 14). Let f(h) = 11*h + 8. Determine f(y).
-14
Let n(x) = x**3 - 5*x**2 + 4*x - 3. Suppose 4 = 5*r - 4*r - 4*o, 4*r - 2*o = 44. Let b = -14 + r. Let z be (6/5)/(b/(-5)). Determine n(z).
-9
Let n(k) be the second derivative of 0 + 1/3*k**4 - 1/20*k**5 - 1/2*k**2 + k**3 - k. Let s(x) = -x + 11. Let a be s(6). What is n(a)?
4
Let o(q) = q + 2. Suppose 0 = -p + 5*t - 2 + 4, -5*t + 8 = 4*p. Suppose -2*y - p*y = -72. Suppose 5*m - 5*k = 15, -4*m + 4 = k - y. What is o(m)?
7
Suppose 0 = -11*o + 6*o + 10. Suppose 2 = o*m - 3*m. Let b(p) be the third derivative of -p**6/120 - p**5/60 - p**4/8 - p**3/6 + 2*p**2. Give b(m).
9
Let t be 0/(-12) + (-1 - -4). Let m(k) = 5*k**3 + 14*k**2 - 5*k - 6. Let d(c) = -2*c**3 - 5*c**2 + 2*c + 2. Let n(g) = -8*d(g) - 3*m(g). What is n(t)?
8
Let x(v) = 2*v - 3. Let s be (-4)/(5 - (-4 - -7)). Let m be (-2 - 2/s) + 5. What is x(m)?
5
Let p(c) be the second derivative of c**4/12 - 3*c**3/2 + c**2 - 235*c + 2. What is p(7)?
-12
Let c(t) be the third derivative of -t**6/120 + 2*t**5/15 - 7*t**4/24 - t**3 + 43*t**2. What is c(7)?
-6
Suppose 9*v = 10*v. Let k = 2 + v. Suppose 4*f = k*b + 4, b + 0*f = -2*f + 14. Let m(x) = x**3 - 6*x**2 + 2*x - 5. Determine m(b).
7
Let x(c) = 2 + 4*c**3 - 4*c + 2*c + c**3. Let q be x(1). Suppose -6 = -4*r + q*l, 10 = 5*r + 5*l + 25. Let p(j) = -4*j. Determine p(r).
4
Let m = -37 - -45. Let u be (m + -1)*1*1. Let i(l) = -l**3 + 8*l**2 - 10*l + 6. Give i(u).
-15
Let q = -8 - -15. Let f(v) = -v - 4. Let t(x) = x + 4. Let w(l) = q*f(l) + 6*t(l). Let p = 300 - 300. Determine w(p).
-4
Let s(m) = -2*m + 1 + 0 + 3*m. Let d be (4 + ((-24)/(-4) - 12))/1. What is s(d)?
-1
Let u(d) = -2 + 15 + 11*d**2 + d**3 + d + 2. Suppose -2*l - 49 = 13*a + 80, 2*a + 3*l + 1 = 0. Determine u(a).
4
Suppose 3*a - 193 = -190. Suppose 0 - 4 = b - o, 12 = -2*b + 3*o. Let r(u) = -2*u + 5 - 4 - 2*u**2 + b. Give r(a).
-3
Let f(j) = j**3 - 6*j**2 - j + 3. Let l = -315 - -320. What is f(l)?
-27
Let m(p) be the second derivative of -7/2*p**2 - 6 - 1/6*p**3 + 3*p. Determine m(8).
-15
Let d(t) = -t**2 - 19*t - 32. Let i be d(-17). Let f(o) = 3 + o + 4*o - 1 + o**i + 1. Give f(-6).
9
Let g(k) = 5*k - 6. Let a be 2/(1 - ((-21)/15 - -2)). What is g(a)?
19
Let p(u) be the second derivative of -u**4/12 + u**3/2 - 3*u**2 + 3*u + 8. Give p(3).
-6
Let x(d) = -d. Let r(l) = l**3 + 3*l**2 + l - 4. Let v be ((-4)/3)/((-4)/6). Let t be (-20)/(-15) - v/6. Let k(a) = t*r(a) + 4*x(a). Calculate k(-3).
5
Let x = 400 + -392. Let h(u) be the second derivative of -1/12*u**4 - 1/2*u**2 - u**3 + x*u + 0. Give h(-6).
-1
Let k(m) = -m + 1. Let a(j) = -5*j + 6. Let w(x) = a(x) - 6*k(x). Suppose 16 + 14 = -5*p - 5*y, -p = -4*y + 11. Calculate w(p).
-7
Let o(j) = 4*j**2 - 4*j + 3*j + j**3 + 2 + 3. Suppose 7*r = 2*r - 2*f + 179, 3*f = -5*r + 176. Suppose 5*b - r = 3*n, 3*b = 5*n + 7*b. What is o(n)?
9
Suppose 5*b = 2*b. Suppose b = 4*w + 16, f - 4*w = 3*f + 14. Let s(p) = -5 + 4*p**2 + 8*p**2 + 10 - 6. Determine s(f).
11
Let c(s) be the first derivative of s**2/2 + 6*s - 21. Let x = -8 - -11. Let r = x + -3. What is c(r)?
6
Let f(y) = y**3 - 5*y**2 + 4*y + 2. Let j be 2/(-3) - 52/12. Let k be ((-20)/(-12))/j*3. Let g = 5 + k. Determine f(g).
2
Let b be (-2)/(-7) + 12/7. Suppose -5*h + 15 = -b*h. Let c(o) be the first derivative of -o**2/2 + 6*o - 14. What is c(h)?
1
Let c(b) be the second derivative of -2*b - 2/3*b**3 - b**2 + 0 - 1/12*b**4. Suppose -s + 3*s + 3*v = 0, -4*s = -2*v + 16. Calculate c(s).
1
Suppose -2*w = 3*w + 35. Let t(m) = m - 6. Let q(d) = 3*d - 13. Suppose -1 - 5 = -2*r + 2*v, -21 = 3*r + 3*v. Let z(c) = r*q(c) + 5*t(c). What is z(w)?
3
Let w be (62 - -1)*(-11 + 12). Let n be w/21 - 2*4. Let b(j) = j + 5. Determine b(n).
0
Suppose 0 = -n + 1 + 2. Let x(t) = 7*t**2 + 0*t**2 + 10*t - 2*t**2 + 4*t**2 - t**n. Give x(10).
0
Let v = -153 - -153. Let r(g) be the third derivative of 1/60*g**5 - 1/3*g**4 + 0*g + v - 2/3*g**3 - 2*g**2. Calculate r(8).
-4
Let b(l) be the second derivative of 0*l**3 + 3/2*l**2 + 1/12*l**4 - 3*l + 0. Let k(f) be the first derivative of b(f). Determine k(-4).
-8
Let o(i) be the second derivative of -i**7/2520 - i**6/240 + i**5/60 - 11*i**4/12 - 5*i. Let v(f) be the third derivative of o(f). Give v(-3).
2
Let u(w) = 2*w**2 - 5*w + 16. Let y(n) = -n**2 - 3. Let g(r) = -u(r) - 3*y(r). Determine g(-7).
7
Let i(m) = 3*m**3. Suppose 2*t = -x - 4, -4*t + 18 = -3*x + 6. Suppose 3*d + 1 = 5*n - 14, n + 3*d - 3 = t. Let c be (4 - n)*(2 - 1). Calculate i(c).
3
Let g(q) = -4*q**2 + 2*q - 3. Let c be g(1). Let a(x) = -5*x**2 + 10. Let o